+ -1 + -2 + 0.
-1
What is 7 + -1 + (-3 - 0) + -4?
-1
What is 0 + 7 + -3 - (4 - 3)?
3
Evaluate 2 - (0 + -2 - (-13 + 10)).
1
What is 0 - (-2 + -3) - (-6 - -10)?
1
Calculate -6 + 24 + -4 - (8 - 2).
8
What is the value of 22 - (10 + 1) - 4?
7
What is 0 + -4 + 3 - (19 + -26)?
6
What is (-94 - -97) + (-1 - 2)?
0
What is 1 + -4 + 1 + -3 + -1?
-6
What is the value of 9 - (3 + (7 - 9))?
8
What is the value of -1 - (3 + -1) - -11?
8
Calculate 4 - (0 + 5 + -1 + -1).
1
What is the value of -13 + (9 - 3 - 0) - -6?
-1
What is (10 - (7 - 1)) + 0?
4
Calculate (4 - 1 - 2) + -5.
-4
What is -1 + (2 + 1 + -3 - -2)?
1
What is 8 + (-12 - -7) - 3?
0
What is the value of (-9 - -11) + -8 - (1 - 2)?
-5
What is the value of 3 + -1 - (0 - (8 - 7))?
3
Calculate 7 - (2 - (0 - 0)).
5
What is the value of (-25 - -13) + (8 - 1) + 0?
-5
11 - 7 - (-20 + 16)
8
What is 2 + -5 - (6 - 8)?
-1
(1 + -10 - 8) + 8 + -1
-10
0 + -5 - (-3 - (-2 + 1))
-3
Calculate -6 + 3 - (1 + -3) - 3.
-4
What is (0 - (2 - -3)) + 4 - 4?
-5
What is the value of 2 + -3 - -9 - (-11 + 16)?
3
Calculate -6 + (5 - 1 - 5 - -5).
-2
Evaluate 15 + 1 + -8 - 13.
-5
Calculate (2 - (0 - 0 - -3)) + -2.
-3
Calculate -3 - (1 + 0) - (-6 - -7).
-5
Evaluate (4 - 0) + -3 + 1.
2
Evaluate (2 - 0) + (2 - 0) - 5.
-1
What is the value of 0 + -1 + 0 - (11 + -12)?
0
1 + -5 + (-17 - -14) - -2
-5
What is (-3 + 0 - 0) + (-1 - -1)?
-3
Calculate 2 - (-1 + (1 - -1 - 6)).
7
Evaluate -6 + (4 + -1 - 0).
-3
What is -4 + 1 + 0 - (23 - 22)?
-4
What is -2 + 3 + -7 + -1?
-7
(5 - 0) + (0 - 12) + 11
4
What is the value of -2 + 9 - 11 - (-7 + 0)?
3
What is 1 + (3 - (3 + 6 + -6))?
1
Calculate (6 - 1) + (0 + -8 - -7).
4
What is -7 - (-17 + 6 + -4)?
8
What is (-7 - -4 - -17) + -8?
6
What is 2 + (-3 - -3) + -3?
-1
Evaluate 10 - (-7 - (2 + -18)).
1
1 - -7 - (-5 - -8)
5
3 + 1 + -3 + 2 + 1
4
What is the value of -3 + (3 - (7 + -6 + -4))?
3
What is 0 + 2 + 3 + -3?
2
What is 3 - 3 - 3 - -2?
-1
-8 - -9 - ((-7 - -2) + 3)
3
Calculate -3 + -1 + 0 - -6 - -2.
4
What is -2 - (1 + -4 + (0 - 2))?
3
What is -7 - (-6 + -12 - (-1 - 6))?
4
What is the value of 2 + (3 - (4 + -1)) + -2?
0
Calculate 0 - ((3 + 0 - 4) + 1).
0
Evaluate -6 - -13 - (3 + 0).
4
-20 + 15 + (1 + -1 - 1)
-6
Evaluate -7 - (2 + (0 - 6) - -1).
-4
Calculate (-14 - 1) + 7 + 14.
6
What is the value of -1 + -2 + 2 - 4 - -1?
-4
What is -6 - (-3 + (2 - (-3 + 5)))?
-3
(0 - -1) + (-3 - -8) + -2
4
(0 - 6) + 1 + 0 - 0
-5
Calculate 2 + -1 - (2 + -1 + 1).
-1
What is the value of (-4 - (-4 - 1)) + 4?
5
What is the value of 2 + (-4 - -6) - 3?
1
Calculate (-2 - 0) + -3 + (29 - 31).
-7
Evaluate -3 - (3 + -2) - -6.
2
Calculate 4 + (-2 - -2) + 2 + -1.
5
What is 2 - (-6 + 4) - (5 - 0)?
-1
Calculate -14 + 11 - (-2 + 1).
-2
(1 - 3) + -4 + 9
3
What is the value of -2 + 0 + (-6 - -3) + 0?
-5
What is 5 - 8 - (4 + -3 - 6)?
2
Evaluate 4 - (3 + 1 - -5).
-5
Evaluate 1 - (0 - (-3 - 2) - 9).
5
Calculate (1 + -1 - 6) + 1.
-5
-6 - (9 - (6 + (8 - 8)))
-9
What is -5 - -2 - (6 + -6)?
-3
What is the value of -2 - -1 - (2 + 1 + 0)?
-4
Calculate (2 - 0) + 0 + 2.
4
Calculate (1 + 0 - 5) + (2 - -1).
-1
Evaluate -18 + 26 + (1 - 4 - 3).
2
What is -23 - -29 - (1 - -2)?
3
Calculate 0 + 1 + -9 + 9.
1
0 + -7 - (-11 + (-3 - -1))
6
(0 - (0 - -3)) + 4
1
What is (-4 - -9) + (1 - 5) + 3?
4
Calculate 2 - 1 - (-9 + 5 + 0).
5
Calculate 4 + -2 + (1 - 3).
0
Evaluate -3 + 1 + -1 + 4.
1
What is the value of 1 - (5 + -1 + (1 - 9))?
5
-3 - (-9 + (0 - -3)) - -1
4
3 + (5 - 16) + 3
-5
What is -1 + -1 + 2 + 5?
5
What is the value of 7 + -5 - 2 - 4?
-4
What is -5 + -1 + 2 - -5?
1
Evaluate -5 + 0 + (3 - 3) + -1.
-6
What is -6 - -20 - (-12 + 30)?
-4
What is the value of (-73 - -79) + (-3 - 0)?
3
Calculate 8 + -6 + 4 - 5.
1
Calculate 1 + -9 + (45 - 42).
-5
-2 + (8 - 3) + -2
1
What is (7 - -8) + -8 - 12?
-5
What is the value of (-14 - (-1 + -6)) + (7 - 1)?
-1
Calculate 11 + -12 + 3 + -1.
1
Calculate 2 - (0 - 0) - -3.
5
What is 3 - (-4 + 1 - (-18 - -12))?
0
What is 5 + -5 + -2 + (-16 - -19)?
1
Evaluate 12 - (7 + -18 - -15).
8
Calculate 13 - 10 - (4 + (-1 - -2)).
-2
What is -3 + (8 - 4) + -7 + 11?
5
Calculate 1 - 8 - 5 - -5.
-7
Evaluate -4 + (-17 - (-10 - 2)).
-9
What is 2 + (4 - (3 - -2)) + -2?
-1
What is 7 + -2 + -6 - -8 - -1?
8
What is (0 - 2) + (5 + -11 - -9)?
1
What is -4 - 0 - (-44 + 39)?
1
What is the value of -17 + 12 + (-1 - -2)?
-4
0 + -2 - (6 + (-7 - 3))
2
What is -2 + -1 + (38 - 41)?
-6
Calculate 2 - (6 - (-3 - -9)).
2
2 + -3 + -2 - 0
-3
What is (7 + -13 - 3) + -2 + 2?
-9
7 + -5 + (-2 - -1)
1
3 - 6 - 3 - -8
2
1 - (-3 - -8 - -1)
-5
Calculate 0 - 8 - -7 - (-5 - 1).
5
4 - (1 + -5 + 3)
5
What is the value of (1 - (-3 + 9) - -1) + 3?
-1
-6 - ((0 - 9) + 9)
-6
What is the value of -3 + (0 - (1 - (3 - 4)))?
-5
What is the value of 2 - 1 - (17 - 24)?
8
Calculate 4 - (3 + 0 + -7 + 13).
-5
Calculate 1 + 0 + 0 + (-11 - -10).
0
5 + -4 + (-1 - 4)
-4
Calculate -5 + -5 + 9 + (2 - 3).
-2
(-1 - (0 + 0)) + 8 + -3
4
Evaluate -1 + 11 + 7 + -13.
4
What is the value of -1 + (5 - 3) - -1?
2
What is (-14 - -18 - 11) + (12 - 1)?
4
What is 3 + -10 + 1 + -2 + 5?
-3
Evaluate -1 + (-7 - -5 - 0).
-3
What is -10 + (-2 + 2 - (-18 - -12))?
-4
-5 + (0 + 14 - 0)
9
Evaluate 4 - (1 + -1) - (0 + 1).
3
5 + -2 - (-9 + 16) - 2
-6
Calculate 0 - (5 + -6 + 1 + 6).
-6
Calculate (1 - -8) + 114 + -129.
-6
Evaluate 2 + 1 + (-2 - -3).
4
-3 + 4 - (-3 + 6)
-2
Evaluate 1 - -1 - (-3 - (-14 + 3)).
-6
0 + 1 - (-7 + 8 + -2)
2
What is 2 + -2 + -5 + 2?
-3
What is the value of -1 - ((4 - 4) + 4 - 1)?
-4
Evaluate 7 + (-9 - -13) + -9.
2
What is the value of -1 + 9 + -8 + -7 + 12?
5
What is the value of 4 + -3 - 7 - -6?
0
Evaluate (5 - 1 - (12 + -13)) + 1.
6
Evaluate 0 - (-1 - -3) - 1 - 1.
-4
What is the value of 10 - ((3 - -8) + -1)?
0
5 + -5 + 6 + -1 + 0
5
What is the value of (-4 - -8) + -5 - (-1 + -4)?
4
What is the value of -3 + 1 + 2 + (1 - -2)?
3
What is -3 + 2 + -14 + 17 - 1?
1
Calculate 2 + -10 + -7 + 7 - -4.
-4
What is -5 - (-2 - (-5 + 5) - 1)?
-2
Evaluate -1 + 4 + 1 + -2 - -3.
5
(0 - 4 - 0) + 0
-4
Calculate (-1 - (2 - (1 + -1))) + -2.
-5
Calculate -2 + (-6 - -4) - -4.
0
What is the value of -4 + (-3 + 8 - -3) + -1?
3
What is -21 - -20 - (0 + -6)?
5
Evaluate -6 + (-2 + 0 - -6).
-2
(2 - (0 + -2)) + -5
-1
1 + 2 - (-3 + 12 + -7)
1
What is -2 - -3 - (-1 - -3)?
-1
What is (-2 - (-2 + -2)) + -8 + 5?
-1
What is 8 + -7 - (-5 - -3)?
3
2 - (4 + (-1 - 4))
3
What is 7 + -7 - (-3 - 4)?
7
What is the value of (7 - 7 - 1 - -4) + 4?
7
3 + -2 + (-7 - (-7 - -6))
-5
What is the value of 9 - (-6 + 13) - 1?
1
What is -1 - (6 + (1 - 6))?
-2
-18 - -17 - (0 - 4) - 3
0
Calculate -1 + -3 + 3 + -14 + 11.
-4
Calculate 3 + 4 + -2 + -1.
4
Calculate 1 - (-8 + 3 + 4).
2
What is the value of 4 + (-2 - 2) + -1?
-1
What is (-6 - (-4 + 4)) + (1 - 1)?
-6
(1 - -3 - 1) + -3
0
Calculate 9 + -11 + (7 - 0).
5
Evaluate 6 + (-10 - (1 - 7)).
2
Calculate (3 - (-2 + -1)) + (-4 - -3).
5
What is -8 + (-4 - -4) + 8?
0
Evaluate 6 - ((-7 - -10) + 1) - 5.
-3
What is -42 + 37 + 3 + (3 - 3)?
-2
What is the value of 4 + 0 + (-7 - -4)?
1
Evaluate -6 - 2 - (-27 - -19).
0
9 + -17 - (-4 + 1)
-5
What is the value of -41 + 48 + 2 + -8?
1
Evaluate -8 + (0 + 1 - -9).
2
Calculate 3 - (-1 + 1) - 5.
-2
Evaluate -7 - (1 + (-9 - -2)) - -9.
8
Evaluate -1 + -3 + -1 - (2 + -13).
6
What is the value of -5 - (-4 + (2 - 1))?
-2
What is the value of (12 - 10) + (-2 - -1) + -5?
-4
What is the value of -2 + 2 + -10 + 5 + 5?
0
What is (-7 - -1) + 6 + (-1 - -3)?
2
What is 8 + 1 + -5 + 0?
4
What is the value of 0 + 7 + -2 + -9?
-4
Evaluate (1 - 5 - -5) + -8 - -3.
-4
Calculate (0 - (-3 + (0 - -4))) + 6.
5
What is 6 - -1 - (6 + (-4 - 0))?
5
Evaluate 0 + (-7 - -3) + 4.
0
What is the value of 9 - (8 - 8 - 0)?
9
Calculate (0 - 3) + (10 - 10) + -1.
-4
What is the value of -2 - (4 - 1) - -5?
0
Calculate -5 - (4 + -17) - 12.
-4
What is the value of (-2 + -3 - -2) + 1 + 2?
0
Calculate 8 - (-2 - -4) - 9.
-3
What is -5 + 11 - 6 - -4?
4
Evaluate 11 - ((-5 - -7) + 4).
5
What is the value of 0 - (-10 + (-2 - -8) + -2)?
6
-14 + 10 + (0 - -5)
1
What is 2 + -10 + 3 - 0?
-5
What is the value of 1 - (-5 - (4 + -11))?
-1
Evaluate -3 - (-2 - (-3 + 0)) - -6.
2
8 + (0 + 3 - (19 + -12))
4
Evaluate (2 - -4) + 0 - 2.
4
12 + 2 + -6 + -4
4
21 + -21 - ((-3 - -2) + 3)
-2
What is 0 - (4 - -1 - (0 + 3))?
-2
4 - -2 - (-12